ed by 5101?
15
What is the remainder when 14203 is divided by 14195?
8
Calculate the remainder when 3767 is divided by 4.
3
What is the remainder when 510 is divided by 107?
82
What is the remainder when 528572 is divided by 284?
48
What is the remainder when 590036 is divided by 5?
1
What is the remainder when 28543 is divided by 772?
751
Calculate the remainder when 15373 is divided by 170.
73
Calculate the remainder when 130238 is divided by 219.
152
What is the remainder when 2513 is divided by 131?
24
Calculate the remainder when 14288 is divided by 78.
14
What is the remainder when 1271632 is divided by 635810?
12
Calculate the remainder when 11394 is divided by 5696.
2
What is the remainder when 96827 is divided by 421?
418
What is the remainder when 136326 is divided by 1002?
54
Calculate the remainder when 3282479 is divided by 291.
290
What is the remainder when 16168 is divided by 4039?
12
What is the remainder when 233171 is divided by 17?
16
Calculate the remainder when 57599 is divided by 50.
49
What is the remainder when 317 is divided by 102?
11
What is the remainder when 4699 is divided by 744?
235
What is the remainder when 352 is divided by 193?
159
What is the remainder when 11609 is divided by 54?
53
What is the remainder when 543 is divided by 91?
88
What is the remainder when 53927 is divided by 28?
27
Calculate the remainder when 618443 is divided by 154610.
3
Calculate the remainder when 4736 is divided by 1466.
338
Calculate the remainder when 76313 is divided by 208.
185
Calculate the remainder when 1997 is divided by 282.
23
What is the remainder when 819 is divided by 755?
64
Calculate the remainder when 997279 is divided by 41.
36
What is the remainder when 1444014 is divided by 16?
14
What is the remainder when 9216 is divided by 614?
6
Calculate the remainder when 11708 is divided by 340.
148
Calculate the remainder when 10972 is divided by 1212.
64
What is the remainder when 36562 is divided by 46?
38
Calculate the remainder when 8510 is divided by 4244.
22
Calculate the remainder when 295 is divided by 16.
7
What is the remainder when 466 is divided by 37?
22
What is the remainder when 3427 is divided by 108?
79
Calculate the remainder when 30740 is divided by 3405.
95
Calculate the remainder when 268642 is divided by 183.
181
What is the remainder when 4974 is divided by 987?
39
Calculate the remainder when 6867 is divided by 4442.
2425
Calculate the remainder when 18296 is divided by 10.
6
Calculate the remainder when 35274 is divided by 5039.
1
Calculate the remainder when 261959 is divided by 8.
7
Calculate the remainder when 2424 is divided by 981.
462
What is the remainder when 69528 is divided by 539?
536
Calculate the remainder when 3088 is divided by 441.
1
Calculate the remainder when 2258 is divided by 1051.
156
Calculate the remainder when 1997 is divided by 178.
39
Calculate the remainder when 94103 is divided by 11.
9
Calculate the remainder when 38284 is divided by 1469.
90
Calculate the remainder when 4981 is divided by 457.
411
Calculate the remainder when 4603 is divided by 2267.
69
What is the remainder when 188831 is divided by 37764?
11
What is the remainder when 2511658 is divided by 1021?
1019
What is the remainder when 353545 is divided by 176771?
3
Calculate the remainder when 10778 is divided by 10771.
7
What is the remainder when 2911 is divided by 966?
13
What is the remainder when 357723 is divided by 4528?
11
What is the remainder when 516 is divided by 138?
102
What is the remainder when 744298 is divided by 26?
22
Calculate the remainder when 31259 is divided by 7.
4
What is the remainder when 3335 is divided by 175?
10
Calculate the remainder when 1891 is divided by 252.
127
Calculate the remainder when 3729 is divided by 533.
531
Calculate the remainder when 21995 is divided by 164.
19
What is the remainder when 27310 is divided by 9100?
10
Calculate the remainder when 11670 is divided by 1420.
310
What is the remainder when 16159 is divided by 8074?
11
Calculate the remainder when 130 is divided by 74.
56
What is the remainder when 119304 is divided by 806?
16
What is the remainder when 13100 is divided by 2289?
1655
What is the remainder when 266193 is divided by 75?
18
Calculate the remainder when 11314 is divided by 403.
30
Calculate the remainder when 28746 is divided by 103.
9
What is the remainder when 12433 is divided by 517?
25
Calculate the remainder when 89191 is divided by 19.
5
Calculate the remainder when 354429 is divided by 426.
423
What is the remainder when 29484 is divided by 5872?
124
Calculate the remainder when 6376 is divided by 56.
48
What is the remainder when 25877 is divided by 8?
5
Calculate the remainder when 246396 is divided by 77.
73
What is the remainder when 757751 is divided by 446?
443
Calculate the remainder when 126962 is divided by 126954.
8
What is the remainder when 22614 is divided by 234?
150
Calculate the remainder when 2729 is divided by 1241.
247
Calculate the remainder when 54092 is divided by 54090.
2
What is the remainder when 2418980 is divided by 120949?
0
Calculate the remainder when 812 is divided by 230.
122
What is the remainder when 3082 is divided by 311?
283
Calculate the remainder when 91070 is divided by 143.
122
Calculate the remainder when 3267 is divided by 1084.
15
What is the remainder when 70265 is divided by 72?
65
Calculate the remainder when 11588 is divided by 288.
68
Calculate the remainder when 1348 is divided by 155.
108
What is the remainder when 226092 is divided by 55?
42
Calculate the remainder when 7791 is divided by 4.
3
What is the remainder when 1447 is divided by 275?
72
What is the remainder when 1309959 is divided by 896?
7
Calculate the remainder when 24382 is divided by 24371.
11
What is the remainder when 500 is divided by 80?
20
What is the remainder when 13438 is divided by 541?
454
Calculate the remainder when 110434 is divided by 38.
6
What is the remainder when 248348 is divided by 17?
12
Calculate the remainder when 108858 is divided by 336.
330
What is the remainder when 2028241 is divided by 177?
175
What is the remainder when 142583 is divided by 26?
25
What is the remainder when 301650 is divided by 203?
195
Calculate the remainder when 320743 is divided by 90.
73
What is the remainder when 16070 is divided by 8033?
4
What is the remainder when 127179 is divided by 1060?
1039
Calculate the remainder when 145 is divided by 29.
0
Calculate the remainder when 8446 is divided by 8446.
0
What is the remainder when 346298 is divided by 78?
56
Calculate the remainder when 132802 is divided by 66382.
38
What is the remainder when 11272 is divided by 228?
100
Calculate the remainder when 12246 is divided by 36.
6
Calculate the remainder when 18970 is divided by 53.
49
What is the remainder when 47431 is divided by 8?
7
What is the remainder when 6236 is divided by 259?
20
What is the remainder when 706259 is divided by 181?
178
Calculate the remainder when 3006567 is divided by 1545.
1542
What is the remainder when 1643 is divided by 57?
47
What is the remainder when 5674 is divided by 283?
14
What is the remainder when 13693 is divided by 71?
61
Calculate the remainder when 11703 is divided by 1053.
120
What is the remainder when 14841 is divided by 758?
439
Calculate the remainder when 12963 is divided by 149.
0
Calculate the remainder when 1186 is divided by 894.
292
Calculate the remainder when 219947 is divided by 73.
71
Calculate the remainder when 1122991 is divided by 1329.
1315
Calculate the remainder when 117169 is divided by 65.
39
What is the remainder when 1065857 is divided by 1363?
1354
What is the remainder when 8236 is divided by 8?
4
Calculate the remainder when 68166 is divided by 21.
0
Calculate the remainder when 86774 is divided by 39.
38
What is the remainder when 405348 is divided by 31?
23
What is the remainder when 926319 is divided by 802?
9
What is the remainder when 43513 is divided by 76?
41
What is the remainder when 9369 is divided by 66?
63
Calculate the remainder when 324360 is divided by 36038.
18
What is the remainder when 7822 is divided by 278?
38
Calculate the remainder when 10114 is divided by 5055.
4
What is the remainder when 17801 is divided b